5*d + 6. Let l(b) = o*m(b) + 4*p(b). Let s = -7 + 12. Give l(s).
-4
Let c(w) = -w - 7. Let l(n) = -n + 4*n - 28 - 2*n - 6*n. Let y(v) = -9*c(v) + 2*l(v). What is y(5)?
2
Let k(s) = -6*s**2 + s + 2. Let a(z) = -6*z**2 + 1. Let t(x) = -3*a(x) + 2*k(x). Suppose -48*v = -50*v - 2. Give t(v).
5
Let y = -2 - -6. Suppose 6*i - 8 = y*i. Let b(o) be the first derivative of -o**2 + 4*o - 8. What is b(i)?
-4
Suppose 0 = 2*c - 2*r + 12, 0*c - 3*r + 4 = 4*c. Let x(t) = -2*t**2 - t + 2. Let w be x(c). Let j = -6 - w. Let s(o) = o**2 + 3*o + 2. Give s(j).
0
Suppose -2*j - 16 = 2*j + 4*i, 5*j + i = 0. Let v(u) = 3*u**2 + 2*u - 1. What is v(j)?
4
Let i(z) = 1 - 2*z - z + 5*z + 0. Calculate i(-3).
-5
Let i(f) = 2*f**2 - 2*f + 2. Let n be i(2). Let w(j) = -j - 7. Let x be ((-2)/3)/(2/3). Let z(c) = -1. Let t(v) = n*z(v) + x*w(v). What is t(-5)?
-4
Suppose 4*w = 2*g - w - 27, 0 = 4*g + 4*w + 16. Let o(b) = 3 + g + 6*b + 1 + b**2 - 6. Give o(-4).
-9
Let t(v) be the third derivative of -v**6/120 + v**5/12 - v**4/24 + v**3 + 8*v**2. What is t(5)?
1
Let s(r) = -6*r**2 + 4*r. Let d(q) = -5*q + 0*q**2 - 2*q**2 + 4*q + 3*q**2. Let f(z) = -2*z + 3. Let l be f(2). Let g(n) = l*s(n) - 5*d(n). What is g(-3)?
6
Let o(l) = -l**3 + 6*l**2 + 5. Let k(q) = 3*q**2 - 23*q - 30. Let y be k(9). What is o(y)?
5
Let x(s) = -s**3 + 4*s**2 + 5*s + 1. Let y(j) = 3*j - j - 3*j - 3. Let n be (16 + 0)/(-2) + 0. Let c be y(n). Give x(c).
1
Let o(f) = f**3 + 2*f**2 + f - 1. Let c(b) = -b**2 - 6*b. Let u be c(-6). Suppose u = -4*w + w - 6. Give o(w).
-3
Let x(z) = -7*z + 7. Let p(u) = -2*u - 1. Let a(c) = -2*p(c) + x(c). Let k be (-18)/(-4)*4/3. Calculate a(k).
-9
Suppose 2*f = -2*b + 12, -2*f - 7*b = -2*b - 27. Suppose -2*q = -q - 3. Let r be ((-10)/6)/(f/q). Let d(p) = p + 5. What is d(r)?
0
Suppose -c + 5*n + 33 = 0, c - 4*n = -2*n + 18. Let f(w) = w**2 - 10*w + 10. Let o be f(c). Let m(d) = d**3 + 5*d**2 - 4*d + 5. Determine m(o).
-7
Let h(f) be the second derivative of f**5/20 + f**4/2 + f**3 + 2*f**2 + 7*f. Suppose 0 = 5*r - 3*n + 20, 3*r - 3*n = -0*r - 12. Determine h(r).
12
Let a(q) = -q + 3 + 4 - 7. Give a(3).
-3
Let d(l) = -7*l + 1 + l - l**3 + 7*l**2 + 5*l - 4*l. Determine d(6).
7
Suppose -87 = 5*j + 3*q, -q = j - 3*q + 7. Let u be (-9)/j + (-36)/(-15). Suppose -u*f = f - 12. Let w(k) = -2*k + 3. What is w(f)?
-3
Let a be 4/(-14) + (-168)/98. Let s be (a/3)/(32/48). Let z(x) = -x**3 + x**2 - 1. Give z(s).
1
Let u be (9 - -3)*(-3)/(-6). Let w(h) = h**3 - 6*h**2 + 2*h - 5. What is w(u)?
7
Let t(c) be the third derivative of -c**4/24 - c**3/6 - 7*c**2. Determine t(-6).
5
Suppose 0 = -4*g - 5*n + 6, 3 - 1 = n. Let f(v) = -4*v**3 - 2*v - 1. Give f(g).
5
Let o(p) = p - 2. Let q be o(0). Let c(g) = -g**3 - g**2 + 3*g + 2. What is c(q)?
0
Suppose 2*c + 5*a - 12 = -2*c, -2*c - 2*a + 6 = 0. Suppose c*k = -4 - 8. Let s(h) = h - h**3 + 2*h**3 + h**2 + 3*h**2. Calculate s(k).
-4
Let n(p) be the first derivative of -p**4/4 + p**3/3 + p**2/2 - 2*p + 3. Let w(j) = -j - 11. Let a be w(-11). Give n(a).
-2
Let c(s) = -5*s - 53. Let u(f) = 15*f + 158. Let v(g) = 11*c(g) + 4*u(g). Let y(r) = r + 12. Let o(i) = -2*v(i) + 9*y(i). Calculate o(0).
10
Let c = -2 + 2. Suppose c = 3*d + 2 + 7. Let z(m) = m**3 + 4*m**2 + 5*m + 2. Give z(d).
-4
Suppose 7*i - 2*i = 0. Let n(z) = 5*z**2 - 5*z - 4*z**2 + 4 + i. Calculate n(6).
10
Let h(t) = t**2 + 3*t + 1. Let s be h(-4). Let v(p) = -p - 1. Calculate v(s).
-6
Let w(t) = -50 - 2*t**2 - t**3 - 4*t**2 - 5*t + 56. Give w(-5).
6
Let k(r) = r**3 + r**2. Let f(l) = -l**3 - l**2 - 1. Suppose -3*z - 3*o - 9 + 0 = 0, 1 = 5*z - 3*o. Let y(q) = z*f(q) - 2*k(q). Give y(0).
1
Let l be (-4)/10 - 24/(-10). Suppose -6 = l*g + 6. Let v(o) = -o**2 - 4*o + 5. Determine v(g).
-7
Let a(s) = -9*s - 7*s + 10*s - 1 + s**2. Determine a(7).
6
Let b = 12 - 7. Let o(v) = -v**3 + 4*v**2 + 4*v + 4. Give o(b).
-1
Let u be 1*-3*(-16)/(-12). Let w be 11/44 + 17/u. Let i(y) = y**2 + 1 + 0 + 4*y + 1. What is i(w)?
2
Let f(v) = 5*v + 2. Let g be f(1). Suppose 0 = -3*d - 1 + 7. Suppose -4*w + y = 5*y + 12, -3*y = d*w + g. Let m(z) = -z**3 - 3*z - 1. Give m(w).
13
Let s be 4/18 + (-64)/(-36). Let u(k) = -k + 0*k**3 - 3 + k**3 - 1 - 5*k**s. Calculate u(5).
-9
Suppose -5*g = d - 3*d + 10, g = 2*d - 18. Let k(q) = -6 + d*q + 0*q - 8*q + 2*q. Determine k(4).
10
Let l(o) = o**2 - 3*o + 3. Suppose 4*i + 0*b = -4*b - 8, -5*i + 2 = 2*b. Let m be l(i). Let f(c) = 6*c - 1. Determine f(m).
5
Let l(t) = 16*t + 9. Let m(s) = 5*s + 3. Let p(n) = -3*l(n) + 8*m(n). What is p(-3)?
21
Let j(k) be the first derivative of k**3/3 + k**2/2 - k + 8. Give j(0).
-1
Let d(m) = 4*m. Suppose 0 = -0*q - q + 2*a, 4*q = 4*a + 12. Suppose -q = -0*p + 3*p. Determine d(p).
-8
Let c(u) = u**3 + u**2 - u - 5. Suppose 2*n = -4*w + 10, -2*n - 25 = 4*w - 7*n. Let d be c(w). Let a(q) = -q**3 - 5*q**2 + q + 5. Calculate a(d).
0
Let f(q) be the first derivative of q**2/2 + 2*q - 7. Calculate f(7).
9
Suppose 6 = 2*q, 9*r - 4*r - 17 = q. Let n(y) = -1. Let x(u) = u**2 - 4*u + 1. Let p(k) = 4*n(k) - x(k). Determine p(r).
-5
Let w = 11 - 8. Suppose -o - w*z + 1 = 0, 9*z = o + 4*z + 7. Let t(r) = -4*r - 2. Determine t(o).
6
Let j(g) = g**2 + 8*g + 5. Let o be j(-6). Let w(h) be the first derivative of h**3/3 + 7*h**2/2 + 7*h - 36. Calculate w(o).
7
Let r(i) = -29*i - 8 + 4 + 28*i. Let k = 0 + -2. Let d = 2 - k. Give r(d).
-8
Let t be (-18 - -5) + 2 - (0 - 4). Let w(l) = l + 2. Give w(t).
-5
Let q(i) = i - 1. Suppose -4*w = d - w + 7, 0 = 2*d + 5*w + 13. Let a be 48/8*d/(-6). Determine q(a).
3
Suppose 12*s - 7*s - 5 = 0. Let z be 12*s*(-2)/4. Let m(i) = -2*i - 6. What is m(z)?
6
Let x(y) = -3*y - 13. Let w(s) = -2*s - 7. Let k(b) = -5*w(b) + 3*x(b). Let f = 54 + -35. Let z = -17 + f. Calculate k(z).
-2
Let a(n) = 5*n + 6 - 11 - n**2 + 4. What is a(4)?
3
Let x be (9/(-12))/((-1)/(-4)). Let h = x - 3. Let q(o) = o**2 + 6*o - 6. Give q(h).
-6
Let m(l) be the first derivative of -4 + l - 1/2*l**2. Determine m(4).
-3
Let y(v) = v - 1. Let z(c) = 9*c - 3. Suppose 0 = -2*b - 3*b - 5. Let j(m) = b*z(m) + 6*y(m). Determine j(-3).
6
Let g(s) = 26*s + 4. Let z(a) = 9*a + 1. Let r(l) = 3*g(l) - 10*z(l). Let q(n) = 325*n - 55. Let b(y) = -2*q(y) - 55*r(y). Calculate b(-1).
-10
Let b(s) be the first derivative of -s**2/2 - 6*s - 4. Let v(k) be the third derivative of -k**4/24 - k**3 + k**2. Let p(m) = 2*b(m) - 3*v(m). Determine p(-5).
1
Let x = 0 - -6. Let r be 2/((-1)/x*-3). Let w(h) = 0*h + h**2 + 3*h - r*h - 2 - 3*h. Determine w(4).
-2
Let h(b) = 2*b + b - 7 - 5*b + b. Let s = 62 - 66. Give h(s).
-3
Suppose -2*j = -8, 3*a = 2*j - 4*j + 23. Let o(g) = 2*g**3 + 19*g**2 - 4 + 11 - 13*g**2 - 7*g - 3*g**3. What is o(a)?
-3
Let p(k) = -k**3 + 8*k**2 - 6*k - 3. Suppose 2 = u - 0. Let m(t) = -t + 0*t + t**2 + 0*t**u. Let b(n) = 2*m(n) - p(n). Give b(5).
-2
Let i = -8 + 10. Let q(c) = 0*c**i + 5*c**2 + 6 + 4*c**3 - c - 9 - 3*c**3. Determine q(-5).
2
Let w(c) be the second derivative of 0*c**3 + 1/2*c**2 + 9/20*c**5 + 0 + 0*c**4 - 6*c. What is w(-1)?
-8
Let t = -8 - -9. Suppose -4 + t = -3*d. Let m(a) = -2*a + 1. Determine m(d).
-1
Let d be (2 + -3 + 4)*2. Let b = d + -3. Let p(t) = 7*t - 4. Let r(y) = 6*y - 4. Let s(q) = -5*p(q) + 6*r(q). What is s(b)?
-1
Let i = 5/4 - 7/12. Let b(u) be the second derivative of -i*u**3 - u + 0 + 0*u**2. Calculate b(-3).
12
Let l(g) = 2*g**3 + g**2 + 3*g - 2. Let y(j) = -j**3 - j**2 - 2*j + 2. Let n(k) = -2*l(k) - 3*y(k). Calculate n(0).
-2
Let n be (5 - 3)*3/2. Let k(q) = -11*q + 4. Let t(y) = 6*y - 2. Let a(f) = n*k(f) + 5*t(f). Give a(-2).
8
Let j(h) = -3*h**3 + 6*h**2 + 4*h - 7. Let u(g) = g**3 - g + 1. Let z = -19 + 23. Let q(m) = z*u(m) + j(m). What is q(-6)?
-3
Let w(d) = -16*d + 1. Suppose -17 = -3*b + 5*k, 3*b + 4 = 7*b - 2*k. What is w(b)?
17
Suppose -4*r + 0*r = 0. Let f = r - -9. Suppose 5 - 4 = 2*m - w, f = -3*w. Let s(z) = z + 1. Give s(m).
0
Let m be (0 - (6 - 4)) + 10. Let j(h) = -h**2 + m*h - h**2 - h**3 + 1 - 2*h. Calculate j(-4).
9
Let d(c) = 3*c - 5. Suppose -b - 3*r - 11 = 0, 3*b + 15 = -2*r - 4. What is d(b)?
-20
Let m(l) = -l**3 - 3*l**2 - l - 2. Let q = 85 + -87. Give m(q).
-4
Suppose 0 = -3*y - 6, 4*y + 28 = -2*v - 3*v. Let g(c) = c + 4. Let q(r) = r + 3. Let d(b) = 4*g(b) - 3*q(b). Determine d(v).
3
Let t(w